{"id":575,"date":"2026-01-14T12:14:20","date_gmt":"2026-01-14T11:14:20","guid":{"rendered":"http:\/\/www.vivi-photography.de\/?page_id=575"},"modified":"2026-03-31T15:14:43","modified_gmt":"2026-03-31T14:14:43","slug":"black-grey-white","status":"publish","type":"page","link":"https:\/\/www.vivi-photography.de\/?page_id=575","title":{"rendered":""},"content":{"rendered":"\n<p class=\"has-pale-cyan-blue-color has-text-color has-link-color has-extra-large-font-size wp-elements-f2256ee343bfbfba3ad370229db9ece9\">Vom Flie\u00dfen und Verharren<\/p>\n\n\n\n<p class=\"has-body-default-font-size\">Farbe tritt zur\u00fcck.<br>Form, Linie und Richtung \u00fcbernehmen.<\/p>\n\n\n\n<p class=\"has-body-default-font-size\">Bewegung zeigt sich im \u00dcbergang, im n\u00e4chsten Schritt, im Flie\u00dfen von Wasser, im Vor\u00fcbergehen.<br>Verharren entsteht im Standbild, im Raum, im Gewicht eines Moments.<\/p>\n\n\n\n<p class=\"has-body-default-font-size\">Zwischen beidem liegt kein Widerspruch, sondern Spannung.<br>Das Leichte neben dem Massiven.<br>Das Fl\u00fcchtige neben dem Dauerhaften.<\/p>\n\n\n\n<p class=\"has-body-default-font-size\">Und irgendwo dazwischen entsteht ein Gleichgewicht, das nicht festh\u00e4lt \u2013 sondern tr\u00e4gt.<\/p>\n\n\n\n<figure class=\"wp-block-image alignfull size-full is-style-default\" id=\"top\"><img loading=\"lazy\" decoding=\"async\" width=\"1184\" height=\"861\" src=\"https:\/\/www.vivi-photography.de\/wp-content\/uploads\/2026\/01\/FOTO_104.jpg\" alt=\"\" class=\"wp-image-419\" srcset=\"https:\/\/www.vivi-photography.de\/wp-content\/uploads\/2026\/01\/FOTO_104.jpg 1184w, https:\/\/www.vivi-photography.de\/wp-content\/uploads\/2026\/01\/FOTO_104-300x218.jpg 300w, https:\/\/www.vivi-photography.de\/wp-content\/uploads\/2026\/01\/FOTO_104-785x571.jpg 785w, https:\/\/www.vivi-photography.de\/wp-content\/uploads\/2026\/01\/FOTO_104-768x558.jpg 768w\" sizes=\"auto, (max-width: 1184px) 100vw, 1184px\" \/><\/figure>\n\n\n\n<figure class=\"wp-block-image alignfull size-full\"><img loading=\"lazy\" decoding=\"async\" width=\"1800\" height=\"1200\" src=\"https:\/\/www.vivi-photography.de\/wp-content\/uploads\/2026\/02\/FOTO_074.jpg\" alt=\"\" class=\"wp-image-896\" srcset=\"https:\/\/www.vivi-photography.de\/wp-content\/uploads\/2026\/02\/FOTO_074.jpg 1800w, https:\/\/www.vivi-photography.de\/wp-content\/uploads\/2026\/02\/FOTO_074-300x200.jpg 300w, https:\/\/www.vivi-photography.de\/wp-content\/uploads\/2026\/02\/FOTO_074-785x523.jpg 785w, https:\/\/www.vivi-photography.de\/wp-content\/uploads\/2026\/02\/FOTO_074-768x512.jpg 768w, https:\/\/www.vivi-photography.de\/wp-content\/uploads\/2026\/02\/FOTO_074-1536x1024.jpg 1536w\" sizes=\"auto, (max-width: 1800px) 100vw, 1800px\" \/><\/figure>\n\n\n\n<figure class=\"wp-block-gallery alignwide has-nested-images columns-default is-cropped wp-block-gallery-1 is-layout-flex wp-block-gallery-is-layout-flex\">\n<figure class=\"wp-block-image size-large\"><img loading=\"lazy\" decoding=\"async\" width=\"683\" height=\"1024\" data-id=\"378\" src=\"https:\/\/www.vivi-photography.de\/wp-content\/uploads\/2026\/01\/FOTO_063-683x1024.jpg\" alt=\"\" class=\"wp-image-378\" srcset=\"https:\/\/www.vivi-photography.de\/wp-content\/uploads\/2026\/01\/FOTO_063-683x1024.jpg 683w, https:\/\/www.vivi-photography.de\/wp-content\/uploads\/2026\/01\/FOTO_063-200x300.jpg 200w, https:\/\/www.vivi-photography.de\/wp-content\/uploads\/2026\/01\/FOTO_063-768x1152.jpg 768w, https:\/\/www.vivi-photography.de\/wp-content\/uploads\/2026\/01\/FOTO_063-1024x1536.jpg 1024w, https:\/\/www.vivi-photography.de\/wp-content\/uploads\/2026\/01\/FOTO_063.jpg 1200w\" sizes=\"auto, (max-width: 683px) 100vw, 683px\" \/><\/figure>\n\n\n\n<figure class=\"wp-block-image size-large\"><img loading=\"lazy\" decoding=\"async\" width=\"785\" height=\"778\" data-id=\"348\" src=\"https:\/\/www.vivi-photography.de\/wp-content\/uploads\/2026\/01\/FOTO_033-785x778.jpg\" alt=\"\" class=\"wp-image-348\" srcset=\"https:\/\/www.vivi-photography.de\/wp-content\/uploads\/2026\/01\/FOTO_033-785x778.jpg 785w, https:\/\/www.vivi-photography.de\/wp-content\/uploads\/2026\/01\/FOTO_033-300x297.jpg 300w, https:\/\/www.vivi-photography.de\/wp-content\/uploads\/2026\/01\/FOTO_033-768x761.jpg 768w, https:\/\/www.vivi-photography.de\/wp-content\/uploads\/2026\/01\/FOTO_033.jpg 1211w\" sizes=\"auto, (max-width: 785px) 100vw, 785px\" \/><\/figure>\n\n\n\n<figure class=\"wp-block-image size-large\"><img loading=\"lazy\" decoding=\"async\" width=\"785\" height=\"523\" data-id=\"248\" src=\"https:\/\/www.vivi-photography.de\/wp-content\/uploads\/2026\/01\/DSC08781sw-785x523.jpg\" alt=\"\" class=\"wp-image-248\" srcset=\"https:\/\/www.vivi-photography.de\/wp-content\/uploads\/2026\/01\/DSC08781sw-785x523.jpg 785w, https:\/\/www.vivi-photography.de\/wp-content\/uploads\/2026\/01\/DSC08781sw-300x200.jpg 300w, https:\/\/www.vivi-photography.de\/wp-content\/uploads\/2026\/01\/DSC08781sw-768x512.jpg 768w, https:\/\/www.vivi-photography.de\/wp-content\/uploads\/2026\/01\/DSC08781sw-1536x1024.jpg 1536w, https:\/\/www.vivi-photography.de\/wp-content\/uploads\/2026\/01\/DSC08781sw-2048x1365.jpg 2048w\" sizes=\"auto, (max-width: 785px) 100vw, 785px\" \/><\/figure>\n<\/figure>\n\n\n\n<figure class=\"wp-block-image alignwide size-full\"><img loading=\"lazy\" decoding=\"async\" width=\"2123\" height=\"1270\" src=\"https:\/\/www.vivi-photography.de\/wp-content\/uploads\/2026\/02\/Halt.jpg\" alt=\"\" class=\"wp-image-1069\" srcset=\"https:\/\/www.vivi-photography.de\/wp-content\/uploads\/2026\/02\/Halt.jpg 2123w, https:\/\/www.vivi-photography.de\/wp-content\/uploads\/2026\/02\/Halt-300x179.jpg 300w, https:\/\/www.vivi-photography.de\/wp-content\/uploads\/2026\/02\/Halt-785x470.jpg 785w, https:\/\/www.vivi-photography.de\/wp-content\/uploads\/2026\/02\/Halt-768x459.jpg 768w, https:\/\/www.vivi-photography.de\/wp-content\/uploads\/2026\/02\/Halt-1536x919.jpg 1536w, https:\/\/www.vivi-photography.de\/wp-content\/uploads\/2026\/02\/Halt-2048x1225.jpg 2048w\" sizes=\"auto, (max-width: 2123px) 100vw, 2123px\" \/><\/figure>\n\n\n\n<figure class=\"wp-block-image alignwide size-full\"><img loading=\"lazy\" decoding=\"async\" width=\"866\" height=\"670\" src=\"https:\/\/www.vivi-photography.de\/wp-content\/uploads\/2026\/01\/FOTO_078.jpg\" alt=\"\" class=\"wp-image-393\" srcset=\"https:\/\/www.vivi-photography.de\/wp-content\/uploads\/2026\/01\/FOTO_078.jpg 866w, https:\/\/www.vivi-photography.de\/wp-content\/uploads\/2026\/01\/FOTO_078-300x232.jpg 300w, https:\/\/www.vivi-photography.de\/wp-content\/uploads\/2026\/01\/FOTO_078-785x607.jpg 785w, https:\/\/www.vivi-photography.de\/wp-content\/uploads\/2026\/01\/FOTO_078-768x594.jpg 768w\" sizes=\"auto, (max-width: 866px) 100vw, 866px\" \/><\/figure>\n\n\n\n<figure class=\"wp-block-gallery alignwide has-nested-images columns-default is-cropped wp-block-gallery-2 is-layout-flex wp-block-gallery-is-layout-flex\"><\/figure>\n\n\n\n<figure class=\"wp-block-gallery alignfull has-nested-images columns-default is-cropped wp-block-gallery-4 is-layout-flex wp-block-gallery-is-layout-flex\">\n<figure class=\"wp-block-image alignwide size-full\"><img loading=\"lazy\" decoding=\"async\" width=\"1932\" height=\"1265\" data-id=\"1115\" src=\"https:\/\/www.vivi-photography.de\/wp-content\/uploads\/2026\/02\/Runner-1.jpg\" alt=\"\" class=\"wp-image-1115\" srcset=\"https:\/\/www.vivi-photography.de\/wp-content\/uploads\/2026\/02\/Runner-1.jpg 1932w, https:\/\/www.vivi-photography.de\/wp-content\/uploads\/2026\/02\/Runner-1-300x196.jpg 300w, https:\/\/www.vivi-photography.de\/wp-content\/uploads\/2026\/02\/Runner-1-785x514.jpg 785w, https:\/\/www.vivi-photography.de\/wp-content\/uploads\/2026\/02\/Runner-1-768x503.jpg 768w, https:\/\/www.vivi-photography.de\/wp-content\/uploads\/2026\/02\/Runner-1-1536x1006.jpg 1536w\" sizes=\"auto, (max-width: 1932px) 100vw, 1932px\" \/><\/figure>\n\n\n\n<figure class=\"wp-block-image size-large wp-duotone-000000-ffffff-3\"><img loading=\"lazy\" decoding=\"async\" width=\"785\" height=\"589\" data-id=\"364\" src=\"https:\/\/www.vivi-photography.de\/wp-content\/uploads\/2026\/01\/FOTO_049-785x589.jpg\" alt=\"\" class=\"wp-image-364\" srcset=\"https:\/\/www.vivi-photography.de\/wp-content\/uploads\/2026\/01\/FOTO_049-785x589.jpg 785w, https:\/\/www.vivi-photography.de\/wp-content\/uploads\/2026\/01\/FOTO_049-300x225.jpg 300w, https:\/\/www.vivi-photography.de\/wp-content\/uploads\/2026\/01\/FOTO_049-768x576.jpg 768w, https:\/\/www.vivi-photography.de\/wp-content\/uploads\/2026\/01\/FOTO_049.jpg 1200w\" sizes=\"auto, (max-width: 785px) 100vw, 785px\" \/><\/figure>\n\n\n\n<figure class=\"wp-block-image size-full\"><img loading=\"lazy\" decoding=\"async\" width=\"1897\" height=\"1265\" data-id=\"1112\" src=\"https:\/\/www.vivi-photography.de\/wp-content\/uploads\/2026\/02\/SW_Run_WZ.jpg\" alt=\"\" class=\"wp-image-1112\" srcset=\"https:\/\/www.vivi-photography.de\/wp-content\/uploads\/2026\/02\/SW_Run_WZ.jpg 1897w, https:\/\/www.vivi-photography.de\/wp-content\/uploads\/2026\/02\/SW_Run_WZ-300x200.jpg 300w, https:\/\/www.vivi-photography.de\/wp-content\/uploads\/2026\/02\/SW_Run_WZ-785x523.jpg 785w, https:\/\/www.vivi-photography.de\/wp-content\/uploads\/2026\/02\/SW_Run_WZ-768x512.jpg 768w, https:\/\/www.vivi-photography.de\/wp-content\/uploads\/2026\/02\/SW_Run_WZ-1536x1024.jpg 1536w\" sizes=\"auto, (max-width: 1897px) 100vw, 1897px\" \/><\/figure>\n<\/figure>\n\n\n\n<figure class=\"wp-block-gallery alignfull has-nested-images columns-default is-cropped wp-block-gallery-5 is-layout-flex wp-block-gallery-is-layout-flex\">\n<figure class=\"wp-block-image size-full\"><img loading=\"lazy\" decoding=\"async\" width=\"1800\" height=\"1200\" data-id=\"351\" src=\"https:\/\/www.vivi-photography.de\/wp-content\/uploads\/2026\/01\/FOTO_036.jpg\" alt=\"\" class=\"wp-image-351\" srcset=\"https:\/\/www.vivi-photography.de\/wp-content\/uploads\/2026\/01\/FOTO_036.jpg 1800w, https:\/\/www.vivi-photography.de\/wp-content\/uploads\/2026\/01\/FOTO_036-300x200.jpg 300w, https:\/\/www.vivi-photography.de\/wp-content\/uploads\/2026\/01\/FOTO_036-785x523.jpg 785w, https:\/\/www.vivi-photography.de\/wp-content\/uploads\/2026\/01\/FOTO_036-768x512.jpg 768w, https:\/\/www.vivi-photography.de\/wp-content\/uploads\/2026\/01\/FOTO_036-1536x1024.jpg 1536w\" sizes=\"auto, (max-width: 1800px) 100vw, 1800px\" \/><\/figure>\n\n\n\n<figure class=\"wp-block-image size-full\"><img loading=\"lazy\" decoding=\"async\" width=\"1920\" height=\"1446\" data-id=\"1023\" src=\"https:\/\/www.vivi-photography.de\/wp-content\/uploads\/2026\/02\/Lampe.jpg\" alt=\"\" class=\"wp-image-1023\" srcset=\"https:\/\/www.vivi-photography.de\/wp-content\/uploads\/2026\/02\/Lampe.jpg 1920w, https:\/\/www.vivi-photography.de\/wp-content\/uploads\/2026\/02\/Lampe-300x226.jpg 300w, https:\/\/www.vivi-photography.de\/wp-content\/uploads\/2026\/02\/Lampe-785x591.jpg 785w, https:\/\/www.vivi-photography.de\/wp-content\/uploads\/2026\/02\/Lampe-768x578.jpg 768w, https:\/\/www.vivi-photography.de\/wp-content\/uploads\/2026\/02\/Lampe-1536x1157.jpg 1536w\" sizes=\"auto, (max-width: 1920px) 100vw, 1920px\" \/><\/figure>\n<\/figure>\n\n\n\n<figure class=\"wp-block-gallery alignwide has-nested-images columns-default is-cropped wp-block-gallery-6 is-layout-flex wp-block-gallery-is-layout-flex\">\n<figure class=\"wp-block-image size-full wp-duotone-grayscale\"><img loading=\"lazy\" decoding=\"async\" width=\"1920\" height=\"1280\" data-id=\"1169\" src=\"https:\/\/www.vivi-photography.de\/wp-content\/uploads\/2026\/03\/Von_oben_WZ-1.jpg\" alt=\"\" class=\"wp-image-1169\" srcset=\"https:\/\/www.vivi-photography.de\/wp-content\/uploads\/2026\/03\/Von_oben_WZ-1.jpg 1920w, https:\/\/www.vivi-photography.de\/wp-content\/uploads\/2026\/03\/Von_oben_WZ-1-300x200.jpg 300w, https:\/\/www.vivi-photography.de\/wp-content\/uploads\/2026\/03\/Von_oben_WZ-1-785x523.jpg 785w, https:\/\/www.vivi-photography.de\/wp-content\/uploads\/2026\/03\/Von_oben_WZ-1-768x512.jpg 768w, https:\/\/www.vivi-photography.de\/wp-content\/uploads\/2026\/03\/Von_oben_WZ-1-1536x1024.jpg 1536w\" sizes=\"auto, (max-width: 1920px) 100vw, 1920px\" \/><\/figure>\n<\/figure>\n\n\n\n<figure class=\"wp-block-gallery alignwide has-nested-images columns-default is-cropped wp-block-gallery-7 is-layout-flex wp-block-gallery-is-layout-flex\">\n<figure class=\"wp-block-image size-full\"><img loading=\"lazy\" decoding=\"async\" width=\"2083\" height=\"1270\" data-id=\"1194\" src=\"https:\/\/www.vivi-photography.de\/wp-content\/uploads\/2026\/03\/Boote.jpg\" alt=\"\" class=\"wp-image-1194\" srcset=\"https:\/\/www.vivi-photography.de\/wp-content\/uploads\/2026\/03\/Boote.jpg 2083w, https:\/\/www.vivi-photography.de\/wp-content\/uploads\/2026\/03\/Boote-300x183.jpg 300w, https:\/\/www.vivi-photography.de\/wp-content\/uploads\/2026\/03\/Boote-785x479.jpg 785w, https:\/\/www.vivi-photography.de\/wp-content\/uploads\/2026\/03\/Boote-768x468.jpg 768w, https:\/\/www.vivi-photography.de\/wp-content\/uploads\/2026\/03\/Boote-1536x936.jpg 1536w, https:\/\/www.vivi-photography.de\/wp-content\/uploads\/2026\/03\/Boote-2048x1249.jpg 2048w\" sizes=\"auto, (max-width: 2083px) 100vw, 2083px\" \/><\/figure>\n<\/figure>\n\n\n\n<figure class=\"wp-block-gallery alignwide has-nested-images columns-default is-cropped wp-block-gallery-8 is-layout-flex wp-block-gallery-is-layout-flex\">\n<figure class=\"wp-block-image size-full\"><img loading=\"lazy\" decoding=\"async\" width=\"2359\" height=\"1270\" data-id=\"1065\" src=\"https:\/\/www.vivi-photography.de\/wp-content\/uploads\/2026\/02\/Im-Wasser.jpg\" alt=\"\" class=\"wp-image-1065\" srcset=\"https:\/\/www.vivi-photography.de\/wp-content\/uploads\/2026\/02\/Im-Wasser.jpg 2359w, https:\/\/www.vivi-photography.de\/wp-content\/uploads\/2026\/02\/Im-Wasser-300x162.jpg 300w, https:\/\/www.vivi-photography.de\/wp-content\/uploads\/2026\/02\/Im-Wasser-785x423.jpg 785w, https:\/\/www.vivi-photography.de\/wp-content\/uploads\/2026\/02\/Im-Wasser-768x413.jpg 768w, https:\/\/www.vivi-photography.de\/wp-content\/uploads\/2026\/02\/Im-Wasser-1536x827.jpg 1536w, https:\/\/www.vivi-photography.de\/wp-content\/uploads\/2026\/02\/Im-Wasser-2048x1103.jpg 2048w\" sizes=\"auto, (max-width: 2359px) 100vw, 2359px\" \/><\/figure>\n\n\n\n<figure class=\"wp-block-image size-full wp-duotone-grayscale\"><img loading=\"lazy\" decoding=\"async\" width=\"600\" height=\"400\" data-id=\"1026\" src=\"https:\/\/www.vivi-photography.de\/wp-content\/uploads\/2026\/02\/FOTO_026.jpg\" alt=\"\" class=\"wp-image-1026\" srcset=\"https:\/\/www.vivi-photography.de\/wp-content\/uploads\/2026\/02\/FOTO_026.jpg 600w, https:\/\/www.vivi-photography.de\/wp-content\/uploads\/2026\/02\/FOTO_026-300x200.jpg 300w\" sizes=\"auto, (max-width: 600px) 100vw, 600px\" \/><\/figure>\n<\/figure>\n\n\n\n<figure class=\"wp-block-gallery alignwide has-nested-images columns-default is-cropped wp-block-gallery-9 is-layout-flex wp-block-gallery-is-layout-flex\"><\/figure>\n\n\n\n<figure class=\"wp-block-gallery has-nested-images columns-default is-cropped wp-block-gallery-10 is-layout-flex wp-block-gallery-is-layout-flex\">\n<figure class=\"wp-block-image size-large\"><img loading=\"lazy\" decoding=\"async\" width=\"785\" height=\"727\" data-id=\"806\" src=\"https:\/\/www.vivi-photography.de\/wp-content\/uploads\/2026\/02\/Auf_dem_Eis-3-785x727.jpg\" alt=\"\" class=\"wp-image-806\" srcset=\"https:\/\/www.vivi-photography.de\/wp-content\/uploads\/2026\/02\/Auf_dem_Eis-3-785x727.jpg 785w, https:\/\/www.vivi-photography.de\/wp-content\/uploads\/2026\/02\/Auf_dem_Eis-3-300x278.jpg 300w, https:\/\/www.vivi-photography.de\/wp-content\/uploads\/2026\/02\/Auf_dem_Eis-3-768x711.jpg 768w, https:\/\/www.vivi-photography.de\/wp-content\/uploads\/2026\/02\/Auf_dem_Eis-3.jpg 1435w\" sizes=\"auto, (max-width: 785px) 100vw, 785px\" \/><\/figure>\n\n\n\n<figure class=\"wp-block-image size-large\"><img loading=\"lazy\" decoding=\"async\" width=\"400\" height=\"600\" data-id=\"1025\" src=\"https:\/\/www.vivi-photography.de\/wp-content\/uploads\/2026\/02\/FOTO_025.jpg\" alt=\"\" class=\"wp-image-1025\" srcset=\"https:\/\/www.vivi-photography.de\/wp-content\/uploads\/2026\/02\/FOTO_025.jpg 400w, https:\/\/www.vivi-photography.de\/wp-content\/uploads\/2026\/02\/FOTO_025-200x300.jpg 200w\" sizes=\"auto, (max-width: 400px) 100vw, 400px\" \/><\/figure>\n<\/figure>\n\n\n\n<figure class=\"wp-block-image size-large\"><img loading=\"lazy\" decoding=\"async\" width=\"785\" height=\"519\" src=\"https:\/\/www.vivi-photography.de\/wp-content\/uploads\/2026\/02\/Eissteine-785x519.jpg\" alt=\"\" class=\"wp-image-1029\" srcset=\"https:\/\/www.vivi-photography.de\/wp-content\/uploads\/2026\/02\/Eissteine-785x519.jpg 785w, https:\/\/www.vivi-photography.de\/wp-content\/uploads\/2026\/02\/Eissteine-300x198.jpg 300w, https:\/\/www.vivi-photography.de\/wp-content\/uploads\/2026\/02\/Eissteine-768x508.jpg 768w, https:\/\/www.vivi-photography.de\/wp-content\/uploads\/2026\/02\/Eissteine-1536x1015.jpg 1536w, https:\/\/www.vivi-photography.de\/wp-content\/uploads\/2026\/02\/Eissteine.jpg 1920w\" sizes=\"auto, (max-width: 785px) 100vw, 785px\" \/><\/figure>\n\n\n\n<figure class=\"wp-block-image size-full\"><img loading=\"lazy\" decoding=\"async\" width=\"2373\" height=\"1270\" src=\"https:\/\/www.vivi-photography.de\/wp-content\/uploads\/2026\/02\/Balance.jpg\" alt=\"\" class=\"wp-image-1067\" srcset=\"https:\/\/www.vivi-photography.de\/wp-content\/uploads\/2026\/02\/Balance.jpg 2373w, https:\/\/www.vivi-photography.de\/wp-content\/uploads\/2026\/02\/Balance-300x161.jpg 300w, https:\/\/www.vivi-photography.de\/wp-content\/uploads\/2026\/02\/Balance-785x420.jpg 785w, https:\/\/www.vivi-photography.de\/wp-content\/uploads\/2026\/02\/Balance-768x411.jpg 768w, https:\/\/www.vivi-photography.de\/wp-content\/uploads\/2026\/02\/Balance-1536x822.jpg 1536w, https:\/\/www.vivi-photography.de\/wp-content\/uploads\/2026\/02\/Balance-2048x1096.jpg 2048w\" sizes=\"auto, (max-width: 2373px) 100vw, 2373px\" \/><\/figure>\n\n\n\n<figure class=\"wp-block-image size-full\"><img loading=\"lazy\" decoding=\"async\" width=\"1920\" height=\"1283\" src=\"https:\/\/www.vivi-photography.de\/wp-content\/uploads\/2026\/02\/Wassertropfen.jpg\" alt=\"\" class=\"wp-image-1028\" srcset=\"https:\/\/www.vivi-photography.de\/wp-content\/uploads\/2026\/02\/Wassertropfen.jpg 1920w, https:\/\/www.vivi-photography.de\/wp-content\/uploads\/2026\/02\/Wassertropfen-300x200.jpg 300w, https:\/\/www.vivi-photography.de\/wp-content\/uploads\/2026\/02\/Wassertropfen-785x525.jpg 785w, https:\/\/www.vivi-photography.de\/wp-content\/uploads\/2026\/02\/Wassertropfen-768x513.jpg 768w, https:\/\/www.vivi-photography.de\/wp-content\/uploads\/2026\/02\/Wassertropfen-1536x1026.jpg 1536w\" sizes=\"auto, (max-width: 1920px) 100vw, 1920px\" \/><\/figure>\n\n\n\n<figure class=\"wp-block-image size-full\"><img loading=\"lazy\" decoding=\"async\" width=\"959\" height=\"1526\" src=\"https:\/\/www.vivi-photography.de\/wp-content\/uploads\/2026\/02\/FOTO_082.jpg\" alt=\"\" class=\"wp-image-898\" srcset=\"https:\/\/www.vivi-photography.de\/wp-content\/uploads\/2026\/02\/FOTO_082.jpg 959w, https:\/\/www.vivi-photography.de\/wp-content\/uploads\/2026\/02\/FOTO_082-189x300.jpg 189w, https:\/\/www.vivi-photography.de\/wp-content\/uploads\/2026\/02\/FOTO_082-644x1024.jpg 644w, https:\/\/www.vivi-photography.de\/wp-content\/uploads\/2026\/02\/FOTO_082-768x1222.jpg 768w\" sizes=\"auto, (max-width: 959px) 100vw, 959px\" \/><\/figure>\n\n\n\n<figure class=\"wp-block-gallery has-nested-images columns-default is-cropped wp-block-gallery-11 is-layout-flex wp-block-gallery-is-layout-flex\">\n<figure class=\"wp-block-image size-large\"><img loading=\"lazy\" decoding=\"async\" width=\"785\" height=\"583\" data-id=\"1219\" src=\"https:\/\/www.vivi-photography.de\/wp-content\/uploads\/2026\/03\/Kran_Gemaelde-785x583.jpg\" alt=\"\" class=\"wp-image-1219\" srcset=\"https:\/\/www.vivi-photography.de\/wp-content\/uploads\/2026\/03\/Kran_Gemaelde-785x583.jpg 785w, https:\/\/www.vivi-photography.de\/wp-content\/uploads\/2026\/03\/Kran_Gemaelde-300x223.jpg 300w, https:\/\/www.vivi-photography.de\/wp-content\/uploads\/2026\/03\/Kran_Gemaelde-768x570.jpg 768w, https:\/\/www.vivi-photography.de\/wp-content\/uploads\/2026\/03\/Kran_Gemaelde-1536x1140.jpg 1536w, https:\/\/www.vivi-photography.de\/wp-content\/uploads\/2026\/03\/Kran_Gemaelde.jpg 1920w\" sizes=\"auto, (max-width: 785px) 100vw, 785px\" \/><\/figure>\n<\/figure>\n\n\n\n<figure class=\"wp-block-image size-full\"><img loading=\"lazy\" decoding=\"async\" width=\"1784\" height=\"1185\" src=\"https:\/\/www.vivi-photography.de\/wp-content\/uploads\/2026\/02\/FOTO_044.jpg\" alt=\"\" class=\"wp-image-894\" srcset=\"https:\/\/www.vivi-photography.de\/wp-content\/uploads\/2026\/02\/FOTO_044.jpg 1784w, https:\/\/www.vivi-photography.de\/wp-content\/uploads\/2026\/02\/FOTO_044-300x199.jpg 300w, https:\/\/www.vivi-photography.de\/wp-content\/uploads\/2026\/02\/FOTO_044-785x521.jpg 785w, https:\/\/www.vivi-photography.de\/wp-content\/uploads\/2026\/02\/FOTO_044-768x510.jpg 768w, https:\/\/www.vivi-photography.de\/wp-content\/uploads\/2026\/02\/FOTO_044-1536x1020.jpg 1536w\" sizes=\"auto, (max-width: 1784px) 100vw, 1784px\" \/><\/figure>\n\n\n\n<figure class=\"wp-block-gallery alignwide has-nested-images columns-default is-cropped wp-block-gallery-12 is-layout-flex wp-block-gallery-is-layout-flex\">\n<figure class=\"wp-block-image size-full\"><img loading=\"lazy\" decoding=\"async\" width=\"1747\" height=\"1133\" data-id=\"897\" src=\"https:\/\/www.vivi-photography.de\/wp-content\/uploads\/2026\/02\/FOTO_081.jpg\" alt=\"\" class=\"wp-image-897\" srcset=\"https:\/\/www.vivi-photography.de\/wp-content\/uploads\/2026\/02\/FOTO_081.jpg 1747w, https:\/\/www.vivi-photography.de\/wp-content\/uploads\/2026\/02\/FOTO_081-300x195.jpg 300w, https:\/\/www.vivi-photography.de\/wp-content\/uploads\/2026\/02\/FOTO_081-785x509.jpg 785w, https:\/\/www.vivi-photography.de\/wp-content\/uploads\/2026\/02\/FOTO_081-768x498.jpg 768w, https:\/\/www.vivi-photography.de\/wp-content\/uploads\/2026\/02\/FOTO_081-1536x996.jpg 1536w\" sizes=\"auto, (max-width: 1747px) 100vw, 1747px\" \/><\/figure>\n<\/figure>\n\n\n\n<figure class=\"wp-block-image alignwide size-full\"><img loading=\"lazy\" decoding=\"async\" width=\"1800\" height=\"1200\" src=\"https:\/\/www.vivi-photography.de\/wp-content\/uploads\/2026\/02\/FOTO_041.jpg\" alt=\"\" class=\"wp-image-895\" srcset=\"https:\/\/www.vivi-photography.de\/wp-content\/uploads\/2026\/02\/FOTO_041.jpg 1800w, https:\/\/www.vivi-photography.de\/wp-content\/uploads\/2026\/02\/FOTO_041-300x200.jpg 300w, https:\/\/www.vivi-photography.de\/wp-content\/uploads\/2026\/02\/FOTO_041-785x523.jpg 785w, https:\/\/www.vivi-photography.de\/wp-content\/uploads\/2026\/02\/FOTO_041-768x512.jpg 768w, https:\/\/www.vivi-photography.de\/wp-content\/uploads\/2026\/02\/FOTO_041-1536x1024.jpg 1536w\" sizes=\"auto, (max-width: 1800px) 100vw, 1800px\" \/><\/figure>\n\n\n\n<div style=\"height:139px\" aria-hidden=\"true\" class=\"wp-block-spacer\"><\/div>\n\n\n\n<p>\u00a9 Vivien Matthiesen \u2013 Alle Rechte vorbehalten<\/p>\n\n\n\n<div class=\"wp-block-buttons is-layout-flex wp-block-buttons-is-layout-flex\">\n<div class=\"wp-block-button is-style-outline is-style-outline--13\"><a class=\"wp-block-button__link has-pale-cyan-blue-color has-text-color has-link-color wp-element-button\" href=\"#top\">\u2191<\/a><\/div>\n<\/div>\n\n\n\n<p><\/p>\n","protected":false},"excerpt":{"rendered":"<p>Vom Flie\u00dfen und Verharren Farbe tritt zur\u00fcck.Form, Linie und Richtung \u00fcbernehmen. Bewegung zeigt sich im \u00dcbergang, im n\u00e4chsten Schritt, im Flie\u00dfen von Wasser, im Vor\u00fcbergehen.Verharren entsteht im Standbild, im Raum, im Gewicht eines Moments. Zwischen beidem liegt kein Widerspruch, sondern Spannung.Das Leichte neben dem Massiven.Das Fl\u00fcchtige neben dem Dauerhaften. Und irgendwo dazwischen entsteht ein Gleichgewicht, [&hellip;]<\/p>\n","protected":false},"author":2,"featured_media":0,"parent":0,"menu_order":0,"comment_status":"closed","ping_status":"closed","template":"","meta":{"footnotes":""},"class_list":["post-575","page","type-page","status-publish","hentry"],"_links":{"self":[{"href":"https:\/\/www.vivi-photography.de\/index.php?rest_route=\/wp\/v2\/pages\/575","targetHints":{"allow":["GET"]}}],"collection":[{"href":"https:\/\/www.vivi-photography.de\/index.php?rest_route=\/wp\/v2\/pages"}],"about":[{"href":"https:\/\/www.vivi-photography.de\/index.php?rest_route=\/wp\/v2\/types\/page"}],"author":[{"embeddable":true,"href":"https:\/\/www.vivi-photography.de\/index.php?rest_route=\/wp\/v2\/users\/2"}],"replies":[{"embeddable":true,"href":"https:\/\/www.vivi-photography.de\/index.php?rest_route=%2Fwp%2Fv2%2Fcomments&post=575"}],"version-history":[{"count":43,"href":"https:\/\/www.vivi-photography.de\/index.php?rest_route=\/wp\/v2\/pages\/575\/revisions"}],"predecessor-version":[{"id":1228,"href":"https:\/\/www.vivi-photography.de\/index.php?rest_route=\/wp\/v2\/pages\/575\/revisions\/1228"}],"wp:attachment":[{"href":"https:\/\/www.vivi-photography.de\/index.php?rest_route=%2Fwp%2Fv2%2Fmedia&parent=575"}],"curies":[{"name":"wp","href":"https:\/\/api.w.org\/{rel}","templated":true}]}}